 be ((-7)/((-35)/50) + -4)/d. Determine q(u).
4
Let f(k) = -55*k + k**3 + 8*k**2 + 35 - k**2 - 29 + 63*k. Suppose 1 = -3*h + 2*h + 4*p, 2*h + 12 = -2*p. Give f(h).
16
Let s be -1*31/2 - 45/(-90). Let x(p) = p**3 + 14*p**2 - 23*p - 11. What is x(s)?
109
Let s = 228 - 222. Suppose -s*n + 3 = 27. Let d(b) = -b**3 - 4*b**2 - 3*b - 4. Give d(n).
8
Let f(o) = 7*o - 17. Let c(g) = 17*g - 36. Let d(h) = -3*c(h) + 7*f(h). Give d(-11).
11
Let z(k) = -k**2 - 32*k - 215. Let r be z(-12). Suppose r = 22*b - 129. Let p(d) = d**2 - 9*d + 4. Calculate p(b).
-10
Let p(t) = 20*t + 72. Let f(k) = -5*k**2 + 86*k - 339. Let q be f(6). Determine p(q).
12
Let c(d) be the second derivative of 11*d**3/6 + 9*d**2 + 8*d + 8. Calculate c(-2).
-4
Let c be (348/(-812))/(2/42). Let q(i) = i + 16. Calculate q(c).
7
Let c(m) = -m**3 + m**2 - m - 3. Suppose -5*f + 30 = -4*u, 4*f - 9*u = -5*u + 28. Suppose 2*g + 11*z = 13*z, 0 = 2*g + f*z - 12. Give c(g).
-24
Let c(n) = -24*n - 27*n + 8 - 4 + 2*n**2 - 26*n + 70*n. Determine c(3).
1
Suppose 0 = 3*f - 5*q + 4, 4*f = -4*q + 1 + 15. Let k be (2 - (2 - f)) + 2. Let v(r) = -2*r - 2. Let z(l) = 3. Let w(o) = v(o) + 2*z(o). Give w(k).
-4
Let g be 91/3 + ((-12)/9)/(-2). Let m be g/155 - 72/10. Let t(p) = -2*p - 5. Calculate t(m).
9
Let p(k) = k + 4. Let a(z) be the second derivative of z**4/12 + 2*z**3 - 33*z**2/2 - z. Suppose -5*t - 4*v = -4*t - 2, -4 = -v. Let r be a(t). What is p(r)?
-1
Let c(i) = -99*i**3 + 4 + i**2 - 98*i**3 - 105*i**3 + 301*i**3. Determine c(2).
0
Suppose -m + 24 - 10 = 0. Let q be 38/m + 10/35. Suppose 2*z - 1 + q = 0. Let k(l) = -5*l**3 - 2*l - 1. Give k(z).
6
Let u(l) = 3*l + 3*l - 3*l. Suppose -10*r - 1992 = -6*r. Let b = r + 495. What is u(b)?
-9
Let p(z) = -z - 1. Let y(v) = 22*v + 131. Let l be y(-6). Let r(n) = 3*n. Let q(o) = l*r(o) - 4*p(o). Let h be 32/12*3/(-2). Determine q(h).
0
Let q be 3/(-2)*(-8)/6. Let v(m) be the first derivative of -m**4 + 2*m**3/3 + 2*m - 25436. Give v(q).
-22
Let g(k) be the first derivative of k**4/4 - 5*k**3 - 13*k**2/2 - 36*k + 4061. What is g(16)?
12
Let j(o) = 2*o**3 + 6*o**2 + 11*o + 15. Let n be j(0). Let k(y) = y**3 - 17*y**2 + 32*y - 40. Determine k(n).
-10
Suppose 0 = 543*b - 535*b - 192. Let y = -32 + b. Let c(l) = -4*l - 8. Determine c(y).
24
Suppose 5*s + 3*k + 36 = 0, s + 8 = -0*s - k. Let o(d) = d**3 + 5*d**2 + 3*d + 2. Let v be o(-2). Let a(l) = -5 - 2 - 3 + v + l. Determine a(s).
-8
Let h(f) = -7*f + 3. Let p(s) = -8*s + 2. Let l(i) = 6*h(i) - 5*p(i). Let n(o) = -17*o**2 - 208*o - 629. Let q be n(-7). Give l(q).
20
Suppose 18*h - 23*h - 2*v + 39 = 0, 33 = 3*h - 2*v. Suppose -3*w + 2*r = -6*w - 10, -h = 3*w + 3*r. Let j(u) = -u**3 - 6*u**2 - 6*u - 3. Calculate j(w).
-11
Let y(b) = 14*b**2 - 7*b - 34. Let k(d) = 12*d**2 - 9*d - 29. Let x(f) = 6*k(f) - 5*y(f). What is x(8)?
-28
Suppose -7*q - 38 - 4 = 0. Let h(g) = g**3 + 5*g**2 - 6*g - 4. What is h(q)?
-4
Suppose -2*f + 3*a - 5 = 0, 24*a - 21*a + 5 = f. Let q(k) = k**2 + 8*k + 2. Let r(c) = 2*c**2 + 14*c + 4. Let l(v) = f*q(v) + 6*r(v). Calculate l(-5).
34
Suppose 22 - 22 = 10*b. Suppose b = -0*q + 11*q - 77. Let j(k) = k**2 - 8*k + 9. Give j(q).
2
Let h = -504 - -293. Let n = -205 - h. Let j(x) = -x + 6. Calculate j(n).
0
Let l(g) = -12*g**3 - 17*g**3 + 28*g**3 - 7 + 10*g**2 - 10*g + 2*g**2. What is l(11)?
4
Let x = -713 + 716. Let l(t) = -t**x - 2 + 0 - 3*t - t**2 - t**3 + t - t**2. Determine l(-2).
10
Suppose 3 = j, d + 15*j - 18*j + 619 = 0. Let y = d + 606. Let x(q) = -6*q - 2 + 0*q**2 - q**2 - 2*q**2. What is x(y)?
-26
Let l(a) = -4*a - 2*a - 17*a**3 + 14 + 7*a + 45*a**3 - 30*a**3 - 40*a**2. Determine l(-20).
-6
Let j(x) = -18*x - 162. Suppose 0 = 5*y - 20, -i - 11*y = -88 + 53. Determine j(i).
0
Let k(f) be the second derivative of -8*f - 1/6*f**3 + 0 + 5/2*f**2. Suppose -24 = -18*d + 24*d. Give k(d).
9
Let m(i) be the third derivative of -11*i**4/24 + 5*i**3/6 - 5334*i**2. Calculate m(3).
-28
Let t(k) = 9*k + 72 + 78 + 79 - 233 + 21*k**2 + 5*k**3 - 3*k**3. What is t(-10)?
6
Let n(t) = t**3 + 5*t**2 - 32*t + 3. Suppose 0 = -276*p + 139*p + 99*p - 342. Determine n(p).
-33
Let n(b) = b**2 - 3. Let t(c) be the second derivative of c**4/6 + c**3/6 - 5*c**2 - 54*c. Let h(p) = -7*n(p) + 2*t(p). Determine h(-1).
-4
Let k(h) = -62*h - 21. Let v(j) = -10*j - 3. Let s(a) = k(a) - 6*v(a). Give s(-10).
17
Let j(n) = 2*n - 4*n - 4 + 0*n + 6. Let t(v) = 16*v**2 - 78*v - 14. Let c be t(5). Give j(c).
10
Let w = -469 - -469. Suppose -5*b - 4*p + 37 = w, 0*b - 2 = 2*b - 4*p. Let k(d) = 2 - 1 - 5*d**2 + 4*d**2 + 5*d. Give k(b).
1
Suppose 4*v - 8*v + 3*w + 55 = 0, 3*v + w - 38 = 0. Suppose 2*h - 15*j + v*j = 34, -59 = -4*h + j. Let r(c) = -c + 13. Give r(h).
-1
Let r(f) = -f**2 - f + 15. Let g be -2 + 1 - (13 + (-8 - 14)). Determine r(g).
-57
Let k be (-1 - -2)*(3 + -9 + 8). Let h(m) = 3*m**3 - k*m**3 - 4*m**2 + 4 + 2*m - 8*m**3 + 9*m**3 - 3. Calculate h(2).
5
Let t(o) = -o + 1. Let g(x) = x**3 - 5*x**2 + 5*x + 5. Suppose 0*q + 4*q - 12 = 0. Let w be g(q). Suppose 42 = -8*h + w*h. Give t(h).
8
Let o be 2/(-8)*3 - (40/(-50) - (-236)/(-80)). Let v(c) be the second derivative of c**5/20 + c**4/12 - 5*c**3/6 + 3*c**2/2 - c. Calculate v(o).
24
Let d = 71 - 69. Let o(z) = -637 - z + d*z + 624. Calculate o(0).
-13
Suppose -x = -3*x - 10. Let u = 144 + -142. Let j(f) = 2 - 3 - 3*f - f**2 + 1 + u. Calculate j(x).
-8
Let o(c) = -c - 14. Let p(w) = 3*w - 4. Let i be p(3). Let z be i/1 - ((21 - 1) + -1). Calculate o(z).
0
Let n(d) = 8*d**3 + 69*d**2 - 14*d + 35. Let u(r) = -3*r**3 - 24*r**2 + 4*r - 12. Let t(o) = 4*n(o) + 11*u(o). Give t(11).
-3
Suppose 0 = 12*f - 12. Suppose h + 7 = 2*h. Let i(p) = -2 + 2 + h*p - 3 + 2. Calculate i(f).
6
Suppose -5*x - 4*x + 36 = 0. Let r(l) = l - x*l - 3 + 4*l. Let o be r(-1). Let b(n) = -n**2 + 3*n - 2. What is b(o)?
-30
Let a(p) = -42 - 13 + 87263*p**2 - 31 + 35*p - 87264*p**2. Determine a(32).
10
Let v(d) = -67512*d - 67517*d - 6 + 135026*d. Give v(-2).
0
Suppose 21*s + 714 = 2268. Suppose -5*k - 14 = -s. Let u(n) = n**3 - 11*n**2 - 12*n + 4. Determine u(k).
4
Let d(y) = 10*y**2 - 64*y**2 + 251325*y - 251323*y + 1. Calculate d(-1).
-55
Let a(u) = u + 11. Let p(b) = -95 + 36 + b**2 - 5*b - 8*b. Let l be p(17). Determine a(l).
20
Let b(a) be the first derivative of 2*a**2 + a - 312. Let i(w) = w**2 - 9*w + 8. Let f be i(7). Let l(x) = 5*x + 1. Let o(m) = f*b(m) + 5*l(m). Give o(-3).
-4
Let u(g) = g**2 + 12*g - 2. Suppose -2*w + 51 = -3*d, -w - 2*d + 4 = -18. Suppose -t = 4*t + 10, 2*b + w = -t. Calculate u(b).
-13
Let u(s) = s**3 - 8*s**2 + 8*s - 21. Suppose 5*r = 15, f - 5*r - 19 = -9*r. Give u(f).
-14
Let v(h) = -12*h - 231. Let l(p) = -6*p - 134. Let q(a) = 5*l(a) - 3*v(a). Give q(-5).
-7
Let d(p) = p**3 + 9*p**2 - 11*p + 1. Let s(w) = -23*w - 1965. Let g be s(-85). What is d(g)?
11
Let x = -14458 + 14459. Let c(y) = 34*y**3 + 6*y**2 + 5*y + 7. Let f(n) = -68*n**3 - 13*n**2 - 11*n - 15. Let v(b) = -13*c(b) - 6*f(b). What is v(x)?
-34
Let j(n) = 764*n + 0 - 6 - 756*n + 11. Calculate j(8).
69
Suppose 3*a - 2*i + 8 = 0, -34 = -2*a - 2*i - 26. Let w(p) = 4*p + 11. Let m(l) = -3*l - 16. Let v(d) = -3*m(d) - 2*w(d). What is v(a)?
26
Let h(y) = 4*y - 3*y + 3 - 4 - 2. Let q = -45 - -49. Suppose 2*u - 16 - 18 = -4*v, u - q*v = -13. What is h(u)?
4
Suppose 8*b - 12*b - 12 = 0, 2*q - 1765 = -3*b. Let y = -892 + q. Let a(c) = -2*c - 3. Give a(y).
7
Suppose -26*j = -37*j + 99. Suppose 5*p = 4*f + j, -4*f = 3*p + f - 35. Let z(y) = y**2 - 4*y - 7. Give z(p).
-2
Suppose 114 = -13*q + 10. Let f(a) be the second derivative of a**5/20 + 7*a**4/12 - 4*a**3/3 - 2*a**2 + 21*a. What is f(q)?
-4
Suppose -u + 3*u = 6. Let r(k) = -2*k**2 - k - 318. Let x(c) = 20*c**2 + 12*c + 3496. Let p(n) = -11*r(n) - x(n). Calculate p(u).
17
Let i(s) be the first derivative of -s**4/4 + 20*s**3/3 - 5*s**2/2 - 13*s - 9566. Determine i(20).
-113
Let b(z) = -z**3 - 4*z**2 + 6*z + 3. Suppose -29 = 6*p + 1. Let x be b(p). Let a be -6*(7/x - -4). Let s(v) = -2*v - 2. Determine s(a).
4
Let i be (-6)/(6 + -3) - -19. Let y(v) = 13 - 24 + v + i. Let h(c) = -c**3 + 8*c**2 + 9*c - 7. Let z be h(9). Give y(z).
-1
Let d(r) = 7*r - 24. Let o = -15700 + 15707. What is d(o)?
25
Suppose -13*g + 20*g = 140. Suppose -6 = y - 2*u, -3*y = 22*u - g*u +